ulate the remainder when 348154 is divided by 78.
40
Calculate the remainder when 15423 is divided by 3084.
3
What is the remainder when 227757 is divided by 25298?
75
Calculate the remainder when 64841 is divided by 16210.
1
What is the remainder when 9747 is divided by 2431?
23
Calculate the remainder when 10596 is divided by 154.
124
What is the remainder when 779 is divided by 61?
47
Calculate the remainder when 100844 is divided by 50.
44
Calculate the remainder when 10085 is divided by 123.
122
What is the remainder when 16373 is divided by 819?
812
Calculate the remainder when 46218 is divided by 358.
36
Calculate the remainder when 340261 is divided by 2789.
3
Calculate the remainder when 52272 is divided by 118.
116
What is the remainder when 5518 is divided by 1090?
68
What is the remainder when 10119 is divided by 620?
199
Calculate the remainder when 167 is divided by 2.
1
Calculate the remainder when 21368 is divided by 2374.
2
What is the remainder when 5887 is divided by 203?
0
Calculate the remainder when 276766 is divided by 4537.
9
Calculate the remainder when 1122354 is divided by 65.
64
Calculate the remainder when 270 is divided by 163.
107
Calculate the remainder when 119471 is divided by 304.
303
What is the remainder when 39186 is divided by 138?
132
What is the remainder when 3397 is divided by 190?
167
What is the remainder when 417 is divided by 179?
59
Calculate the remainder when 334 is divided by 35.
19
Calculate the remainder when 4014 is divided by 3.
0
Calculate the remainder when 187963 is divided by 5528.
11
What is the remainder when 2870 is divided by 947?
29
Calculate the remainder when 12418 is divided by 141.
10
Calculate the remainder when 582 is divided by 147.
141
What is the remainder when 114031 is divided by 375?
31
What is the remainder when 13052 is divided by 4224?
380
Calculate the remainder when 19858 is divided by 709.
6
Calculate the remainder when 1680 is divided by 4.
0
What is the remainder when 112334 is divided by 118?
116
Calculate the remainder when 274678 is divided by 21.
19
What is the remainder when 166895 is divided by 244?
243
Calculate the remainder when 31566 is divided by 14.
10
Calculate the remainder when 122010 is divided by 115.
110
What is the remainder when 6577 is divided by 1637?
29
What is the remainder when 8629 is divided by 907?
466
What is the remainder when 4281 is divided by 1068?
9
Calculate the remainder when 9870 is divided by 309.
291
Calculate the remainder when 235229 is divided by 10687.
115
Calculate the remainder when 2530 is divided by 47.
39
What is the remainder when 23998 is divided by 191?
123
Calculate the remainder when 54225 is divided by 92.
37
Calculate the remainder when 6623 is divided by 178.
37
Calculate the remainder when 292546 is divided by 31.
30
Calculate the remainder when 5218 is divided by 145.
143
Calculate the remainder when 90571 is divided by 1244.
1003
What is the remainder when 475359 is divided by 95069?
14
What is the remainder when 132045 is divided by 4?
1
Calculate the remainder when 3051 is divided by 470.
231
Calculate the remainder when 38522 is divided by 19261.
0
Calculate the remainder when 4091 is divided by 2003.
85
Calculate the remainder when 5338 is divided by 4559.
779
What is the remainder when 23098 is divided by 11?
9
Calculate the remainder when 47497 is divided by 76.
73
What is the remainder when 35577 is divided by 531?
0
Calculate the remainder when 3146 is divided by 777.
38
What is the remainder when 18012 is divided by 13?
7
Calculate the remainder when 24767 is divided by 55.
17
What is the remainder when 55082 is divided by 1698?
746
What is the remainder when 52591 is divided by 313?
7
What is the remainder when 59639 is divided by 37?
32
Calculate the remainder when 4499 is divided by 31.
4
What is the remainder when 585 is divided by 118?
113
What is the remainder when 2548 is divided by 62?
6
What is the remainder when 3904 is divided by 568?
496
What is the remainder when 347951 is divided by 48?
47
Calculate the remainder when 9123 is divided by 1013.
6
Calculate the remainder when 37824 is divided by 56.
24
Calculate the remainder when 3304 is divided by 126.
28
What is the remainder when 1282 is divided by 74?
24
What is the remainder when 65754 is divided by 19?
14
What is the remainder when 191778 is divided by 1728?
1698
Calculate the remainder when 8556 is divided by 1121.
709
What is the remainder when 10972 is divided by 9640?
1332
Calculate the remainder when 79618 is divided by 88.
66
What is the remainder when 153078 is divided by 19133?
14
Calculate the remainder when 2532 is divided by 193.
23
What is the remainder when 1621 is divided by 291?
166
What is the remainder when 1523 is divided by 128?
115
Calculate the remainder when 11574 is divided by 19.
3
What is the remainder when 588635 is divided by 566?
561
What is the remainder when 351203 is divided by 84?
83
Calculate the remainder when 7839 is divided by 199.
78
Calculate the remainder when 674 is divided by 101.
68
Calculate the remainder when 93248 is divided by 29.
13
Calculate the remainder when 314963 is divided by 342.
323
What is the remainder when 3093 is divided by 2314?
779
What is the remainder when 18706 is divided by 63?
58
What is the remainder when 3391 is divided by 25?
16
Calculate the remainder when 69336 is divided by 74.
72
What is the remainder when 211060 is divided by 52?
44
What is the remainder when 372172 is divided by 66?
64
What is the remainder when 15774 is divided by 7784?
206
Calculate the remainder when 3606 is divided by 20.
6
Calculate the remainder when 23659 is divided by 282.
253
What is the remainder when 115941 is divided by 23171?
86
What is the remainder when 399 is divided by 159?
81
What is the remainder when 67048 is divided by 931?
16
Calculate the remainder when 14219 is divided by 7069.
81
Calculate the remainder when 25474 is divided by 1339.
33
What is the remainder when 6095 is divided by 5394?
701
Calculate the remainder when 49969 is divided by 921.
235
Calculate the remainder when 15839 is divided by 1760.
1759
What is the remainder when 12369 is divided by 126?
21
Calculate the remainder when 892109 is divided by 454.
453
What is the remainder when 17434 is divided by 4349?
38
What is the remainder when 16772 is divided by 58?
10
Calculate the remainder when 18217 is divided by 6064.
25
Calculate the remainder when 21457 is divided by 10691.
75
Calculate the remainder when 19203 is divided by 446.
25
What is the remainder when 18047 is divided by 354?
347
What is the remainder when 7983 is divided by 133?
3
Calculate the remainder when 52735 is divided by 7525.
60
Calculate the remainder when 20964 is divided by 80.
4
Calculate the remainder when 666 is divided by 36.
18
Calculate the remainder when 4054 is divided by 4045.
9
Calculate the remainder when 23242 is divided by 125.
117
What is the remainder when 782 is divided by 366?
50
What is the remainder when 95199 is divided by 1796?
11
Calculate the remainder when 65149 is divided by 1163.
21
Calculate the remainder when 12470 is divided by 3900.
770
Calculate the remainder when 9968 is divided by 302.
2
What is the remainder when 10733 is divided by 2682?
5
What is the remainder when 117069 is divided by 48?
45
Calculate the remainder when 31409 is divided by 119.
112
What is the remainder when 2021 is divided by 419?
345
What is the remainder when 90454 is divided by 3479?
0
Calculate the remainder when 128644 is divided by 261.
232
Calculate the remainder when 131662 is divided by 93.
67
What is the remainder when 290721 is divided by 47?
26
What is the remainder when 4865 is divided by 1552?
209
Calculate the remainder when 112439 is divided by 40.
39
What is the remainder when 2536 is divided by 122?
96
What is the remainder when 14185 is divided by 58?
33
Calculate the remainder when 73625 is divided by 43.
9
Calculate the remainder when 2152 is divided by 851.
450
Calculate the remainder when 119583 is divided by 9197.
22
What is the remainder when 424889 is divided by 26?
23
Calculate the remainder when 826 is divided by 194.
50
Calculate the remainder when 4217 is divided by 653.
299
What is the r